e the third derivative of -f**5/30 - 5*f**4/24 + f**3/3 + 8*f**2. Give p(-4).
-10
Let a(n) = -n**2 + 4. Let v(p) = -p + 6. Let h be v(5). Let b be ((-4)/(-2) - 2)*h. Suppose -j = -3*u + 7, b + 5 = u + j. What is a(u)?
-5
Let r(k) = 3*k**3 - 2*k**3 + 3*k - 7*k**2 - 6 + 5*k. Suppose 4*i - 20 = -4*p, -21*p = -26*p + i + 31. What is r(p)?
6
Suppose -2*u - 1 + 7 = 0. Let k be 2*(-5)/(-6)*u. Let w(c) = -3*c**3 + 6*c**2 - 7 - 5*c - c**3 + 3*c**3. What is w(k)?
-7
Let v = -24 - -12. Let n = 17 + v. Suppose -2 = -2*q, k + n + 1 = 4*q. Let l(m) = 2*m**2 + 2. What is l(k)?
10
Let c(i) = 1. Let s(m) = -m**2 + 4*m - 2. Let b(r) = 5*c(r) + s(r). Let k be b(3). Let n(l) = l**2 - 6*l + 5. Determine n(k).
5
Suppose 9 = -4*o + j, -4*o - 19 = -3*j - 0*j. Let p be 1 + 1 + 1 + o. Let x(f) be the second derivative of -f**3/2 + 3*f**2/2 + 36*f + 1. Determine x(p).
-3
Let d(u) be the third derivative of u**6/120 - u**5/12 - 7*u**4/24 + 7*u**3/6 - 2*u**2. Suppose -3*h - 39 = -3*r - r, -3*r = -h - 23. Give d(r).
1
Let x(f) = 7*f**2 - 6*f + 2. Let a(q) = -q**2 + q - 1. Suppose n = 3, 2*d + 3*n - 6 = -d. Suppose 2*c + 9 - 1 = 0. Let o(g) = c*a(g) + d*x(g). Calculate o(2).
-6
Suppose f + 8 = 5*x, -4*x + 20 - 1 = -5*f. Let z(k) = 5*k**3 - k**2 - 8*k + 17. Let d(t) = 2*t**3 - 3*t + 6. Let v(w) = 8*d(w) - 3*z(w). Give v(f).
-3
Let s(w) = -7 + 2 - w**2 + 3 + 7*w - 5. Let k be s(5). Let c(q) = q**3 - 2*q**2 - q + 3. Determine c(k).
9
Let f = -9 - -2. Let v(k) = 3*k**2 - k - 4. Let g(a) = 10*a**2 - 2*a - 12. Let z(m) = f*v(m) + 2*g(m). What is z(3)?
4
Let b(l) = 4*l + 6. Suppose 0 = 2*w - 7*w - 25. Calculate b(w).
-14
Let y be (-2)/(-1) + (-7 - -8). Let n(x) = -1 + 2*x + 1 - y*x. Let a(i) = -i**2 - 4*i + 1. Let o(k) = a(k) - 5*n(k). Give o(2).
-1
Let s(t) = -t**3 + 3*t**2 + 2*t. Suppose 32 = 4*i + f, 0 = 2*i - 0*i - 3*f - 2. Let y = -3 + i. Give s(y).
-8
Let f(q) = -7*q**3 - 4*q**2 - q. Let c(o) = o**3 + 4*o**2 - 3*o. Let z(y) = -y**2 + y. Let t(v) = -c(v) - 4*z(v). Let w(g) = -f(g) + 6*t(g). Calculate w(-5).
0
Suppose -29 = 2*l - 3*f, 0*l - 2*l + f - 19 = 0. Let d = l - -10. Let c(v) = -d*v + v + v. Calculate c(2).
-2
Suppose -11 + 9 = -z. Let m(t) be the first derivative of 5/3*t**3 - z*t + 2 + 2*t**2 + 1/4*t**4. What is m(-4)?
-2
Suppose 0 = -0*r - 4*r + 12. Let m(q) = -4*q - q**r + 5 + 6*q**2 + q - 2*q. Give m(5).
5
Let z(b) = 5*b**2 - b. Let i be z(2). Let g be ((-8)/(-12))/(4/i). Let l(t) = 3 - 1 + 3*t + 4*t - g. Calculate l(-1).
-8
Let u(d) = -3*d**3 + 3*d + 3. Let f(q) = 10*q**3 - 10*q - 10. Let k(c) = 2*f(c) + 7*u(c). Let m(s) = -s**2 + 1. Let p be m(-1). Calculate k(p).
1
Let s(o) = 3*o**2 + 18*o + 5. Let b(x) = -7*x**2 - 39*x - 11. Let n(p) = 4*b(p) + 9*s(p). Let w = -10 - -16. Give n(w).
1
Let y(l) = -l**3 + l. Let k(w) = -3*w**3 + w**2 + 3*w + 2. Let r = -1 + 5. Let o(x) = r*y(x) - k(x). Let q be o(-2). Let z(b) = -b + 6. Determine z(q).
6
Let y be (-1)/5 - (-176)/55. Let b(p) be the third derivative of 1/2*p**y + 0*p + 1/24*p**4 + 0 + 2*p**2. Determine b(4).
7
Let q(s) be the third derivative of -s**8/6720 + s**7/2520 + s**6/720 + s**5/30 + s**4/4 - 4*s**2. Let y(a) be the second derivative of q(a). Determine y(0).
4
Suppose 0 = 2*t + 3*b - 21, 0 = 5*t + 3*b - b - 25. Let o(f) be the first derivative of -3*f + f - f - 1 + f**2 + 2. Calculate o(t).
3
Let t(j) = -3*j**3 + j**2 - 3*j. Let y(k) = 4*k**3 - k**2 + 4*k + 1. Let d(c) = -3*t(c) - 2*y(c). Let q = 1 - -1. Calculate d(q).
4
Let p(s) = 4*s + 4. Let w(a) = 3*a + 3. Let v(t) = -4*p(t) + 5*w(t). What is v(2)?
-3
Let g(h) = -h - 5 - 2*h**3 - 2*h**3 + 3*h**3. Suppose -2*a = -4*t - 2, 3 = -3*t - 2*a + 5. Let w = 0 - t. What is g(w)?
-5
Suppose 2*g = -0 - 2. Let y be ((-1)/(-2))/(g/(-4)). Let h(k) = -k**3 + k**2 + 3*k - 2. Give h(y).
0
Let o(j) = -1. Let c(p) = -p - 14. Let z(n) = -c(n) - 6*o(n). Calculate z(0).
20
Let c(f) = 0 + 5*f + 10 - 7 - 2*f. Give c(-2).
-3
Let a(x) = -3*x**3 + 6*x**2 + 6*x + 6. Let n(k) = 5*k**3 - 9*k**2 - 9*k - 9. Let b(d) = -8*a(d) - 5*n(d). Give b(-2).
-1
Let t(v) = -2 + 7 + 3*v - 6. Calculate t(-2).
-7
Let l(n) = n**3 + 7*n**2 + 2. Let t be l(-7). Let b(d) = -d**3 + 2*d**2 + d. Let c be b(t). Let f(k) = -2*k - 1. Determine f(c).
-5
Let a(c) = -c + 4. Let r be a(6). Let f(s) = 1. Let t(v) = -v - 2. Let q(z) = f(z) + t(z). Calculate q(r).
1
Let s(r) = -3*r**3 + r + 4. Let x(p) = -16*p**3 + 5*p + 21. Suppose -5*o = 3*a - 13, -2*o = -6*a + 4*a + 30. Let h(c) = a*s(c) - 2*x(c). Give h(0).
2
Let d(r) = -7*r + 4*r - 9*r**2 + r**3 + 2*r + 5 - 9*r. Calculate d(10).
5
Let w(q) = 2*q - 1. Let m(x) = 5*x - 3. Let s(l) = 6*m(l) - 17*w(l). Let c = 34 + -19. Suppose 0 = 5*r - 5*v - c, -4*r + 2*r + 8 = -4*v. What is s(r)?
-9
Let h(p) = 3*p + 1. Let m(w) = w - 1. Let v(q) = -h(q) + 6*m(q). Determine v(5).
8
Let g(z) = -2*z + 1. Suppose 0*f - 2*f + 10 = 0. Suppose 5*q = -f*m, 4*m - 4 = 5*m. Give g(q).
-7
Let i(d) be the first derivative of d**4/4 + 2*d**3 + 7*d**2/2 + 6*d - 1. Let j = 49 + -53. Determine i(j).
10
Let o(a) = -7*a**3 + 5*a**2 + 3*a - 1. Let v(p) = 6*p**3 - 5*p**2 - 3*p + 2. Let u(y) = -5*o(y) - 6*v(y). What is u(5)?
8
Let z(d) be the second derivative of 1/12*d**4 + 0*d**3 - 3/2*d**2 + 0 + 2*d. What is z(0)?
-3
Let f(z) = 5*z - 21. Let h be f(4). Let i(x) = -6*x**3 + 5*x**2 - x - 1. Let s(q) = -5*q**3 + 4*q**2 - q - 1. Let y(n) = -4*i(n) + 5*s(n). Calculate y(h).
1
Suppose -2 = -5*u + 8. Let d be 0 + (-6)/u + -2. Let y(b) = b**2 + 4*b - 6. Give y(d).
-1
Let g(y) = -y**2 + y + 2. Let b be g(3). Let i be 1/b + (-37)/(-4). Suppose 3 = -4*k - i. Let r(v) = -v**3 - v**2 + 4*v. Determine r(k).
6
Let t(c) be the third derivative of -c**5/20 - 17*c**4/24 + 2*c**3/3 + 5*c**2. Let s(d) = 2*d**2 + 9*d - 2. Let m(j) = -5*s(j) - 3*t(j). Calculate m(4).
6
Suppose 4*k + 3 = -5. Let s = k + -2. Let h(u) = -1 - u + 0*u + 3*u. Determine h(s).
-9
Suppose -3*c + 11 = 2*t, 4*t - 15 = 4*c - 3*c. Let i(z) be the third derivative of 2*z**5/15 + z**4/24 + 2*z**2. What is i(c)?
9
Let f(k) be the third derivative of -k**5/20 - k**4/24 - k**3/6 + 5*k**2. Determine f(-1).
-3
Let p(g) = -2*g**2 - 4*g - 1. Let s = 8 - 4. Suppose -s*v = 2*o + 14, -4*o + 3*v - 3 - 3 = 0. Give p(o).
-7
Let n(h) = -h**3 - 4*h**2 + 5*h. Let y be 32/(-6) + (-6)/(-18). Calculate n(y).
0
Let m(u) be the second derivative of u**7/840 + u**5/120 + u**4/24 + u**3/2 + u. Let b(i) be the second derivative of m(i). What is b(-2)?
-9
Suppose -n + 2 = u - 0, 5*n + 4 = 2*u. Let b(w) be the second derivative of w**4/12 - w**2/2 + 7*w. Let j be b(u). Let l(p) = -p**2 + 2*p + 4. Calculate l(j).
1
Let y(t) = t**2 - 2*t + 12. Let h be y(0). Let z(a) = -a - 1 - h + 4 + 2*a. Determine z(4).
-5
Let k = -12 + 5. Let g = k + 12. Let q(z) = -5*z**3 - 10. Let v(a) = -9*a**3 - a**2 + a - 19. Let p(f) = 11*q(f) - 6*v(f). What is p(g)?
-1
Let p(o) = -12 + 1 + o - o**2 + 6*o + o. Let k be p(6). Let c(j) = 11*j**2. Calculate c(k).
11
Let m(i) be the third derivative of i**6/24 + i**5/30 - i**3/6 - i**2. Determine m(-1).
-4
Let c(u) = 8*u + 56. Let v be c(-7). Let l(k) = 5*k**2 + 0*k**2 - 4*k**2 + k + 3. Calculate l(v).
3
Let u(w) = -w. Let m(s) = -2*s**2 + 6*s - 3. Let v(k) = -m(k) - 4*u(k). Suppose -3*i - 4*a - 5 + 3 = 0, 0 = -5*i - 3*a + 4. Suppose i*r - 5 = -1. What is v(r)?
7
Suppose 4 = 3*k - k. Suppose 0*n - 5*n = c + 21, 3*c - k*n - 5 = 0. Let g(o) = 13*o + 2. Let t(f) = 14*f + 3. Let m(x) = 4*g(x) - 3*t(x). Determine m(c).
-11
Suppose 2 = 3*r - 1. Let b be (4 - 3/r) + -5. Let f = b - -2. Let d(m) = -2*m**3 - m**2 - 1. Give d(f).
11
Let g(i) = i - 11. Let u(s) = -2*s + 22. Let k(n) = -7*g(n) - 3*u(n). Calculate k(8).
3
Let j be 2/(2/5)*-3. Let k(q) = q**2 + 15*q + 5. Let y be k(j). Let g(f) = f**3 - 5*f**2 + 3*f - 5. Give g(y).
10
Let q(u) = -10*u - 7. Let k be (-148)/(-20) - (-4)/(-10). Let b be (0 + 4)/(2/k). Let c(i) = -3*i - 2. Let x(w) = b*c(w) - 4*q(w). What is x(1)?
-2
Let o(z) = -z**3 + 6*z**2 + 3*z - 7. Let u be o(6). Suppose -5*l = -u - 9. Let i(q) = q**2 - 2*q + 2. Give i(l).
10
Let v(n) be the first derivative of n**3/3 + 5*n**2/2 + 2*n - 2. Let a(b) = b**2 + 5*b + 1. Let l(g) = -4*a(g) + 3*v(g). What is l(-4)?
6
Let x(y) = y**3 - 6*y**2 + 3*y - 2. Let a be (-8)/10*(-10)/4. Suppose a*k + 73 = 5*m, -4*m + k + 64 = 5. Let n = m + -10. What is x(n)?
-